530/18?
0
Let t = -11118 + 36426. What is the ten thousands digit of t?
2
Let s(u) = -u**2 - 19*u + 39. Let g be s(-21). Let z be 2/(-2 + 0) - g - -3. Suppose 0 = -z*l + k + 309, 5*l + k - 71 = 230. What is the tens digit of l?
6
Let c(i) = -92*i + 16. Let l be c(4). Let h be -237 + (6 + -3 - 0). Let u = h - l. What is the hundreds digit of u?
1
Let c(g) = 2*g**2 - 7*g + 12. Let r be c(4). What is the tens digit of (28/r)/(-7) - 1911/(-12)?
5
Let c(i) = 430*i**2 + 496*i - 4369. What is the ten thousands digit of c(9)?
3
Let j = 18303 + -10874. What is the units digit of j?
9
Suppose 164775 + 1091385 = 60*s. What is the ten thousands digit of s?
2
Suppose 9*i + 3024 = 3*i. Let b = 731 + i. What is the tens digit of b?
2
Let z(x) = -133*x + 574. What is the hundreds digit of z(-11)?
0
Let w(f) = 2*f**3 + 80*f**2 + 58*f - 49. What is the tens digit of w(-20)?
9
Suppose 3*v - f - 408 = 0, -2*v - f + 271 = -1. Suppose t = -5*g - 71, 5*t - 3*t + 4*g + v = 0. What is the tens digit of (-8613)/t*4/6?
8
What is the tens digit of (-10 + 1380/42)*161?
8
Suppose 3*j + 70 = 178. Suppose 40*z = -p + j*z + 252, 5*z - 20 = 0. What is the hundreds digit of p?
2
Suppose 2*z = 13*z. Suppose z*r - 4 = 2*r, -r = -x + 689. What is the hundreds digit of x?
6
Let r = -13749 + 14148. What is the units digit of r?
9
What is the thousands digit of (-9404)/(69/(-46) + (-4)/(-8))?
9
Suppose -s + 14256 = -19*s. Let v be s/15 + 2/(-10). Let u = v - -81. What is the units digit of u?
8
Let l(n) = 51*n + 6. Suppose -25*i + 23*i = -64. Let o be ((-2)/4)/((-8)/i). What is the units digit of l(o)?
8
Let y = -72 + 106. Suppose k = 2*g - 457, 202 + y = g + k. Suppose -m + g = 3*a - 0*a, m = -4*a + 230. What is the tens digit of m?
3
Let v be 9 - 5 - (-2 + 3 - -1). Let q(d) = 9 + 104 - d + 2 - d + d**v. What is the tens digit of q(0)?
1
Suppose 0 = 190*v - 1308216 - 1926344. What is the hundreds digit of v?
0
Let z = 426 - 412. What is the tens digit of (((-9205)/z)/(-5))/((-3)/(-30))?
1
Let j = 38 - 27. Let w = 10 - j. What is the tens digit of (w + 10/4)*62?
9
Suppose 9*z - 9331 = 4871. Suppose 0 = 133*k - 130*k - z. What is the units digit of k?
6
Let c(q) = q**3 + 7*q**2 - 2*q - 27. Let r be c(-6). Suppose 3721 = r*g - 9593. What is the hundreds digit of g?
6
Let n(z) = -3*z + 41. Let i be n(3). What is the tens digit of 3 + 3 + 6*i?
9
Suppose 5*a + g + 58 + 25 = 0, -3*a - 49 = g. Let l(b) = -b**3 - 16*b**2 + 26*b + 17. Let r be l(a). Let t = r - -246. What is the units digit of t?
0
Let m(q) = 61*q**2 - 42*q - 919. What is the tens digit of m(-15)?
3
Let t(d) = -561*d**2 - 72*d + 68. Let x(p) = -562*p**2 - 70*p + 67. Let j(y) = 4*t(y) - 5*x(y). What is the tens digit of j(1)?
6
Suppose -6*d + 337854 = 34*d - 7*d. What is the tens digit of d?
3
Suppose 8*y - 52 = -5*y. What is the hundreds digit of 1476/y - 4/(12/15)?
3
Suppose 10 + 6 = 4*j. Let z = j + -1. Suppose z*c - 12 = -0. What is the units digit of c?
4
Let j = -213 + 231. Let v(i) = i**2 - 11*i + 59. What is the hundreds digit of v(j)?
1
Suppose 5*c - 4*b = 20, -2*c + 3 - 23 = 4*b. Let u be c/(-1) - (-2 - 0). Suppose 0*w + 46 = w - 5*o, 124 = 2*w - u*o. What is the units digit of w?
6
Suppose f + 3*x + 1 = 0, 5*f + 6 = 4*x + 39. Suppose 2*k - 7*k + f*h - 5 = 0, 5*k - 3*h = 1. What is the tens digit of (((-110)/(-5))/(k/10))/2?
5
Suppose 0*s - 210 = 7*s. Let y = 17 + s. Let j(u) = u**3 + 14*u**2 + 9*u - 9. What is the tens digit of j(y)?
4
Let r = 1868 + 3015. What is the units digit of r?
3
Let p(o) = -575*o**3 + 2*o**2 + 4*o - 19. What is the hundreds digit of p(-3)?
5
Suppose 25626 = 3*f - 3*d - 94560, 0 = -f + 2*d + 40066. What is the units digit of f?
8
Suppose 222 - 195 = 3*b. Suppose o + p + 112 = b, 3*p = -4*o - 409. What is the units digit of (-31480)/o + (-2)/(-10)?
5
Suppose 4*y - 12 = 4, 22172 = 3*c - y. What is the tens digit of c?
9
Let z(a) = 9*a**3 - 8*a**2 + 42*a - 17. What is the hundreds digit of z(9)?
2
Suppose 0 = -30*i - 99551 + 277121. What is the hundreds digit of i?
9
What is the thousands digit of (-2)/(-6) + (-122880)/(-45)?
2
Suppose j + 3*v - 21042 = 0, -284*j + 5*v = -280*j - 84117. What is the units digit of j?
3
Let y = 506 - 504. Suppose -y*m - 5*w = -4*m + 1433, -3*w = -15. What is the tens digit of m?
2
Let j = 5532 - 988. Suppose -15*q - j = -23*q. What is the units digit of q?
8
Let x(t) = 47 - 28*t - 20*t + 16*t. What is the hundreds digit of x(-11)?
3
Suppose -36*q + 12 = -24. Let p(v) = 374*v - 17. What is the units digit of p(q)?
7
Suppose 13*f - 15*f = -10. Suppose -f*q - 3*k = -461, -6*q + 4*q - 4*k = -176. What is the tens digit of q?
9
Let x be (4/(-6))/(2/(-12)). Let y be (-8)/12 - (-4 + (-3505)/15). Suppose x*j + y = 605. What is the tens digit of j?
9
What is the hundreds digit of (-8507)/(-2)*(-43 + 45)?
5
Let x(q) = 32*q**2 + 675*q - 159. What is the tens digit of x(-46)?
0
What is the tens digit of 2064139/(-154)*((-2 - -1) + -3)?
1
Let t be (68/(-8) - -5)*-2. Suppose 5*r = 5*j + 1595, -t*r - j + 309 = -6*r. What is the hundreds digit of r?
3
Let o(y) = y**3 + 2*y**2 + 21*y + 12. What is the tens digit of o(10)?
2
Suppose -5*r + 0 = 1765. Let o = -95 - r. What is the hundreds digit of o?
2
Suppose 2029 - 9678 = -3*r + 10384. What is the units digit of r?
1
Let g be 50 + 1 - (0 + 1) - -2. Suppose h - g = 91. Suppose 0 = -5*s + h - 33. What is the units digit of s?
2
Let s = -159 + 543. Let c = s - -10. What is the units digit of c?
4
Suppose 0 = -17*z - 23082 + 186265. Suppose -z - 12451 = -15*c. What is the tens digit of c?
7
Suppose 3*s + 3*r - 4340 = 9214, 4*r + 18080 = 4*s. What is the tens digit of s?
1
Let i(r) = -5*r - 27 + 6*r + 7*r + 25*r. Let s be i(12). Suppose -3*f - 4*z + s = 105, -f + 3*z + 88 = 0. What is the tens digit of f?
8
Let a(h) = -2*h**3 - 17*h**2 + 17*h - 1. What is the tens digit of a(-18)?
4
What is the tens digit of 5/((-20)/(-23532)) - 72/(-18)?
8
Let b = -265 + 281. Suppose -2695 = b*m - 23*m. What is the tens digit of m?
8
What is the hundreds digit of (-393 - -395)/(10/(-3)) - 195976/(-10)?
5
Let k = -183 - -742. Let x = k + -72. What is the units digit of x?
7
Let k be (-1 + 1)/((-5 - -4)*1). Suppose k = p - 19 + 14. Suppose -2*i - p*i + 553 = 0. What is the units digit of i?
9
Let f(k) = -8*k + 64*k + 118*k - 411 - 3*k + 17*k. What is the tens digit of f(7)?
0
Let f(a) = -a**3 + 38*a - 10*a**2 - 11*a + 38*a - 18*a - 18. What is the tens digit of f(-16)?
6
Suppose 5*g + 14*f = 19*f + 46605, g - 9328 = 2*f. What is the thousands digit of g?
9
Let q = -167 - -1406. What is the thousands digit of q?
1
Let i be 124/13*9 - 14/(-91). Let u = 91 - i. Suppose -880 = -u*w + w. What is the units digit of w?
0
Suppose 0 = 5*f + 2*o - 12161, 297*f = 294*f - 2*o + 7295. What is the thousands digit of f?
2
Let c(n) = -577*n - 268. What is the hundreds digit of c(-15)?
3
Suppose 0 = -u - 3*t - 2, -8*t + 13*t + 43 = 4*u. Suppose 12 = -u*z + 390. What is the tens digit of z?
5
Suppose -2*q = -3*q - 2*q. Suppose q*k = -4*k + 12. Suppose k*f = 185 - 35. What is the tens digit of f?
5
Suppose 0 = -u + 2*k + 8 - 2, 2*k = -3*u + 18. What is the hundreds digit of 4/u - 31525/(-39)?
8
What is the tens digit of (0 - 2)/(1105214/92103 - 12)?
7
Let u = 122 - 353. Let v = 383 + u. Suppose 5*m = 7*m - v. What is the units digit of m?
6
Let g(p) = -12 - p**3 - 48*p - 11 + 24 + 8*p**2 + 6*p**2. What is the units digit of g(6)?
1
Let u(x) = -4*x + 4. Let n be u(1). Let a be 4 - (4/(-1))/(-2). Suppose -c = 3*w - 35, n = a*c + w + w - 54. What is the tens digit of c?
2
Let o(y) = y**2 - 9*y - 8. Let c be o(10). Let i be -3 + c + -3 - (-23 + 12). Suppose -5*f + i*f - 544 = 0. What is the tens digit of f?
7
Suppose -2*w - 1473 = -4*g - 5*w, 5*g + 4*w = 1841. Suppose -g + 113 = -4*o. What is the units digit of o?
4
Suppose -4*b + 4*w = -101768, 2*w - 12047 - 13392 = -b. What is the hundreds digit of b?
4
Suppose 73117 = 103*c - 86*c. What is the thousands digit of c?
4
Suppose -c - 9 = 3*u - 6*u, -5*c = -5*u + 25. Suppose 0 = -u*g + w + 418, -34 = -3*g + 5*w + 607. What is the hundreds digit of g?
2
Suppose 0 = 1175*y - 1171*y - 48652 - 24832. What is the tens digit of y?
7
Let y(x) be the first derivative of x**3 + 3*x**2 + 9*x + 21. Let t be y(7). Suppose -6*j + 264 =